 t be l(-14). Let p be w(t). Suppose 266 - p = -4*j. What is the units digit of j?
6
Let q be ((-2)/7 + (-8)/70)*-465. Let f be 0*(5/10 - 1). Suppose 55*b - 52*b - q = f. What is the units digit of b?
2
Let p(k) = 2*k - 10. Let d be p(10). Let v be 44/(-6) + 2 + d/(-6). Let j = v + 26. What is the units digit of j?
9
Suppose -3*h + 66 = 18. Suppose -4*t - h = -56. What is the units digit of t?
0
Let v = -2106 + 3450. Suppose -169 = 5*x - v. What is the units digit of x?
5
Suppose -5*l + 5*m = -325, 4*l + 0*l + 2*m = 266. Let c(q) = -2*q**2 + 3*q + 1. Let r be c(-3). Let p = l - r. What is the tens digit of p?
9
Suppose -22 = -u - 2*y, 4*y = -2*u + 6*u - 76. Suppose -19*m + 3*x - 987 = -u*m, -5*x + 3920 = 4*m. What is the tens digit of m?
7
What is the tens digit of (1027/(-52))/(5 - (-10644)/(-2128))?
0
What is the hundreds digit of (-595652)/(-14) - 2592/4536?
5
Suppose -2*t - 8*w + 625 = -5*w, 2*t = -2*w + 622. Suppose t - 1198 = -4*j - 2*k, 3*k - 893 = -4*j. What is the units digit of j?
1
Let v(o) = -19028*o**3 - 7*o**2 - 9*o - 1. What is the ten thousands digit of v(-1)?
1
What is the hundreds digit of (2489/(-2))/(36/(-792)) + -3?
3
Let y be (-4)/(-6)*(1 - -86). Let w = y - 30. Suppose 0*v = -v + 4*g + w, 5*g + 62 = 2*v. What is the tens digit of v?
3
Let j be ((-75)/(-9) - 2/(-3)) + 2. What is the hundreds digit of (-1 + j)*2/(-4) - -517?
5
Suppose 45985 = 9*o - 142274 - 432453. What is the units digit of o?
8
Suppose -2*p + 2*f - 114 = -0*p, -5*f = 3*p + 155. Let c = p + 91. Let l = c + -11. What is the units digit of l?
5
Suppose -17*u = -22*u + 70. Suppose 4 = 3*d - o - 5, -4*d + 2*o + u = 0. Suppose 4*j = 0, -90 = d*p + 5*j - 288. What is the units digit of p?
9
Let a = -3376 - -15303. What is the hundreds digit of a?
9
Suppose 20223 = -75*s + 76*s + 4*h, -3*h - 100954 = -5*s. What is the tens digit of s?
9
Let b(s) = 50*s**2 + 81*s + 3319. What is the hundreds digit of b(-28)?
2
Let k(j) = j**3 - 8*j**2 + 4*j + 1. Let r be k(8). Let l = r + -24. Let w(y) = -y**3 + 12*y**2 - 8*y - 11. What is the hundreds digit of w(l)?
1
Let g = 43690 + -21012. What is the thousands digit of g?
2
Let o(v) be the second derivative of -3*v**5/20 - 7*v**4/6 + 5*v**3/3 - 11*v**2/2 - 123*v. What is the units digit of o(-9)?
2
Let w = 15974 - 7585. What is the tens digit of w?
8
Let v = 809 - 427. Suppose 12*y - v = 10*y. What is the tens digit of y?
9
Let q(l) = 4*l - 96. Let h be q(25). Suppose 7*w - h*w - 1404 = 0. What is the units digit of w?
8
Let w = -5458 + 12705. What is the tens digit of w?
4
Let n = -43 + 16. Let x = -15 - n. Let o = 35 + x. What is the units digit of o?
7
Let u = 34 + -190. What is the units digit of (u/24)/(4/(-360))?
5
Suppose -3*c + 445 = 2*g, -5*g + g + 899 = -3*c. Suppose 2289 = g*d - 217*d. What is the hundreds digit of d?
3
Let p = 584 + -457. Suppose t + 98 = 4*w, 5*t - 6*t = 5*w - p. What is the tens digit of w?
2
Suppose 5*x + 1844 = 2*z + 353, -2*x = -6*z + 4408. What is the hundreds digit of z?
7
Suppose 0 = 11*t - 68 + 2. Suppose -4*m + 5*d = -4065, 0 = 5*m + 2*d - t*d - 5088. What is the units digit of m?
0
Suppose g = 5*o - 7748, 0 = -5*o - 2*g + 4798 + 2941. What is the units digit of o?
9
Suppose -75*c + 72*c = 15, 2*k - 4*c - 17826 = 0. What is the units digit of k?
3
What is the thousands digit of (-76)/874 - (-275912)/46?
5
Let z(d) = 25*d**2 - 507*d + 9. What is the tens digit of z(-20)?
4
Let g be ((-3153)/6)/(1/(-2)). Suppose 3*t = g - 142. Suppose 280 = 5*d + 5*f, -3*d = -2*f - t + 110. What is the tens digit of d?
6
Let u = -50 - -39. Let k(w) = -7*w + 34. Let p be k(u). Let y = 179 - p. What is the tens digit of y?
6
What is the hundreds digit of 10*(-15)/(-20)*10676/85?
9
Let m(c) = 275*c - 3262. What is the thousands digit of m(35)?
6
Let y be -20*10/75*-3. Suppose 23*g - y*g - 5880 = 0. What is the units digit of g?
2
Let q(j) = 1090*j - 134. What is the thousands digit of q(7)?
7
Let s(x) = 339*x**2 + 10*x + 13. What is the hundreds digit of s(-5)?
4
Let m(u) = -39*u**2 + 20*u - 32 - 37*u**2 + 75*u**2. Let s be m(18). Suppose 2*c - 2*o - 176 = 0, -c - s*o - 441 = -6*c. What is the tens digit of c?
8
Suppose -4*j + 22 = 5*w, -3 = -2*w - 5*j + 16. Suppose 551 = w*g - 359. Suppose 0 = -11*d + 6*d + g. What is the units digit of d?
1
Suppose -47*s = 121*s - 3293136. What is the thousands digit of s?
9
Suppose 38*c = 317949 + 1124380 + 45181. What is the thousands digit of c?
9
Suppose 33 = 4*m + p, 27 = p + 22. What is the tens digit of 4 - (-65 + m + -6 + 3)?
6
Let c be ((-420)/112)/(0 + 1/28). Let u = 109 + c. Suppose u*t + 24 = 5*t. What is the units digit of t?
4
Suppose 0 = -23*z + 26*z + 18*z - 256788. What is the hundreds digit of z?
2
Let f(d) = 4270*d**2 + 83*d - 47. What is the hundreds digit of f(-4)?
9
Let x(s) = -32*s + 37. Let h be x(-10). Suppose 0 = -i + h - 46. What is the hundreds digit of i?
3
Let y(t) = -2*t**3 - 29*t**2 - 6*t - 44. What is the ten thousands digit of y(-27)?
1
Suppose 0*b - 4*x - 700 = 2*b, 5*b + 1714 = 2*x. Let f = -164 - b. What is the units digit of f?
0
Let m = 2315 + 2048. What is the tens digit of m?
6
Suppose 2*u + 3*m + 3 = 0, -u + 4 = -5*m + 12. Suppose -2*f + 2*x + 400 = 0, -9*x + 10*x = -2*f + 388. What is the tens digit of u/((18/f)/(-3))?
9
Suppose 4*n = -4*i + 208, -7*n + 176 = -4*n - i. Let c(m) = 7*m - 5. Let j be c(4). Let w = n + j. What is the units digit of w?
0
Let v = 37 - 39. Let z be 0 + (91 - -1 - (5 + v)). Suppose 0 = 2*i - z + 15. What is the units digit of i?
7
What is the tens digit of 0 - (-1)/6 - (-4)/(96/231188)?
3
Suppose -5*f + 5 = 3*p - p, -5*f + 20 = 5*p. Let s be (1/10*268)/(f/(-10)). Suppose 104 = 2*g - 2*b, 5*g - 2*b + 5*b - s = 0. What is the tens digit of g?
5
Let c = -19631 - -25394. What is the thousands digit of c?
5
Suppose -4*a = -4*b - 20, 0*b + 2*b + 10 = -3*a. Let j(q) = q**3 + q**2 + q - 96. Let i be j(a). Let l = i - -154. What is the tens digit of l?
5
Let v(n) = 3*n**2 + n - 8. Let f be v(2). Let h be 2/(-4) + f/((-24)/(-26)). Let x(u) = 23*u - 27. What is the units digit of x(h)?
1
Let a(q) = 74*q + 102. Let t(h) = 3*h + 19. Let m be t(-4). What is the hundreds digit of a(m)?
6
What is the units digit of 12562/88*472 - -9?
7
Suppose -15 = 4*x - 3*o - 2*o, -9 = 2*x - 3*o. Suppose x = -4*v + 2006 + 1738. Suppose -8*t + 0*t + v = 0. What is the tens digit of t?
1
Let m be 6 - 3 - 3 - -864. Suppose -m = -8*w + 4*w. What is the tens digit of w?
1
Let r(y) = -2*y**2 - 20*y - 11. Let v be ((-6)/(-5))/(12/(-270)*3). Let p be r(v). Suppose 0 = p*m + 331 - 1598. What is the units digit of m?
1
Let b(y) = -4403*y + 456. What is the ten thousands digit of b(-21)?
9
What is the thousands digit of (-3)/(((-2)/12)/((-152325)/(-150)))?
8
Let r(b) = 17*b + 6*b + 5*b + 23 - 38*b. What is the units digit of r(-14)?
3
Suppose 8 + 22 = -10*u. Let b be (-1 + 0)/(u/12). What is the tens digit of b + 158 + 1 + 16/(-4)?
5
Let i(o) = -o**2 + 22*o + 52. Let b be i(24). Suppose 0*r + 20 = -b*r, -3*n + 1148 = -r. What is the hundreds digit of n?
3
Let f = 1151 - 363. Suppose 5*b = -4*y + f, b + 824 = 4*y - 3*b. What is the hundreds digit of y?
2
Let w be (-176)/(-64) + 2/8*1. Let v be 1 + -1*(2 - 1). Suppose v = -k + 2*y + 55, -2*y + 205 = w*k - 0*k. What is the tens digit of k?
6
Let k be 8 - 14/21*2028. Let f = k + 2259. What is the units digit of f?
5
Let n(b) be the second derivative of b**5/20 - 5*b**4/12 - b**3 + 15*b**2/2 + 50*b. What is the hundreds digit of n(9)?
2
What is the units digit of -1 - ((193552/42)/(-4) + 96/1008)?
1
Let z(c) = 25*c - 21. Let w(v) = v**3 - 5*v**2 + 6*v - 9. Let y be w(5). What is the hundreds digit of z(y)?
5
Let c = -10123 + 4056. Let j = -4216 - c. What is the units digit of j?
1
Let p = 16 - 16. Suppose p = -5*t - 2*t + 35. Suppose 5*c + 55 = t*a, -5*a + 76 = c + 3. What is the units digit of a?
4
Let d(l) = 88*l - 32. Let f be d(-7). Let t = -413 - f. Let u = t - 136. What is the units digit of u?
9
Let z be (-4 - 72/(-15))/(4/10). Suppose -5*q + 2*k = -998, -4*q + 408 = -z*q - 3*k. Let m = 316 - q. What is the tens digit of m?
1
Suppose -23*z + 78 - 9 = 0. Suppose 3*w - 2430 = 2*f, -3*f = -4*f - z. What is the hundreds digit of w?
8
Suppose 0 = -3*h + 9, -3*q + 4*h + 30 = 9*h. Suppose -1 - 5 =